{"id":2942,"date":"2015-10-20T23:34:31","date_gmt":"2015-10-20T21:34:31","guid":{"rendered":"http:\/\/www.kng.agh.edu.pl\/kng\/?page_id=2942"},"modified":"2015-10-21T21:57:53","modified_gmt":"2015-10-21T19:57:53","slug":"raport-2015-tatry","status":"publish","type":"page","link":"https:\/\/www.kng.agh.edu.pl\/kng\/raport-2015-tatry\/","title":{"rendered":"Raport 2015 &#8211; Tatry"},"content":{"rendered":"<div class='gt3_row-fluid'><div style='padding-bottom:40px;' class='gt3_col12 first-module module_number_1 module_cont  module_content'><div class='module_content'><h3 style=\"text-align: justify;\"><strong>Ob\u00f3z Naukowy Tatry 2015: dwie dru\u017cyny, dwie doliny, jeden cel \u2013 pomierzy\u0107 Tatry!<\/strong><\/h3><br \/>\n<p style=\"text-align: justify;\">W roku 2013, w czasie \u015bwi\u0105t Bo\u017cego Narodzenia, wiatr halny o porywach dochodz\u0105cych do 200 km\/h spustoszy\u0142 tatrza\u0144skie lasy, z czego najbardziej ucierpia\u0142y doliny: Chocho\u0142owska, Lejowa i Ko\u015bcieliska. Po\u0142amanych zosta\u0142o tysi\u0105ce drzew, kt\u00f3re do tej pory by\u0142y nieod\u0142\u0105cznym elementem tamtejszego krajobrazu. Tatrza\u0144ski Park Narodowy, zaniepokojony skal\u0105 zniszcze\u0144, podj\u0105\u0142 decyzj\u0119 o interwencji. Wiele zwalonych drzew zosta\u0142o usuni\u0119tych, nie tylko ze szlak\u00f3w pieszych. W Dolinie Ko\u015bcieliskiej drzewa zwo\u017cone by\u0142y korytem Potoku Ko\u015bcieliskiego, co wp\u0142yn\u0119\u0142o na deformacj\u0119 jego naturalnego dna.<\/p><br \/>\n<p style=\"text-align: justify;\">[shashin type=\"photo\" id=\"3101,3127\" size=\"medium\" columns=\"2\" order=\"user\" position=\"center\"]<\/p><br \/>\n<p style=\"text-align: justify;\">Podj\u0119li\u015bmy si\u0119 wykonania inwentaryzacji dna Potoku Ko\u015bcieliskiego, aby TPN m\u00f3g\u0142 oceni\u0107 skal\u0119 zaistnia\u0142ych zmian, a tak\u017ce rozpocz\u0105\u0107 monitoring koryta na przestrzeni przysz\u0142ych lat. Otrzymali\u015bmy wytyczne dotycz\u0105ce lokalizacji pi\u0119ciu przekroj\u00f3w - zazwyczaj by\u0142y to miejsca oznaczone \u0142atami wodowskazowymi. W pomiar zaanga\u017cowa\u0142a si\u0119 ekipa zwana \"potocznie\" Potokami, czyli Hubert Dec, Agnieszka Grabowska, Artur Guzy, \u0141ukasz Motyl, Aleksandra S\u0142odowska, Mateusz Sowa, Dominik Sowi\u0144ski i Ewa Trzebuniak pod czujnym okiem dr in\u017c. Rafa\u0142a Kocierza.<\/p><br \/>\n<p style=\"text-align: justify;\">W ka\u017cdym z wyznaczonych miejsc za\u0142o\u017cyli\u015bmy po dwa lub trzy stanowiska tachimetryczne, kt\u00f3re dowi\u0105zali\u015bmy sytuacyjnie do podw\u00f3jnych punkt\u00f3w mierzonych metod\u0105 statyczn\u0105 odbiornikami Leica GPS1200 i wysoko\u015bciowo do sta\u0142ych szczeg\u00f3\u0142\u00f3w terenowych w otoczeniu. Nast\u0119pnie, ze stanowisk tych prowadzili\u015bmy pomiary koryta potoku metod\u0105 tachimetryczn\u0105 przy u\u017cyciu tachimetr\u00f3w Topcon OS-103. Pomiarem obj\u0119li\u015bmy obszar wyznaczony przez przekr\u00f3j podstawowy i pasy o szeroko\u015bci oko\u0142o 30 metr\u00f3w od\u0142o\u017cone od niego w g\u00f3r\u0119 i w d\u00f3\u0142 biegu potoku.<\/p><br \/>\n<p style=\"text-align: justify;\">Na ob\u00f3z przyjechali\u015bmy uzbrojeni w kalosze w najlepszym wypadku si\u0119gaj\u0105ce kolan. Konieczne by\u0142o jednak zakupienie dw\u00f3ch par woder\u00f3w, bo - co mog\u0105 potwierdzi\u0107 niekt\u00f3rzy z nas - cho\u0107 wielogodzinne stanie z lustrem w lodowatym Potoku Ko\u015bcieliskim samo w sobie nie przypomina le\u017cenia pod kocykiem, to wlewka wody z tego\u017c Potoku do nawet odrobin\u0119 za niskiego buta na pewno komfortu nie poprawia. Zakup ten okaza\u0142 si\u0119 strza\u0142em w dziesi\u0105tk\u0119 - mogli\u015bmy bez obawy, a nawet z szerokim u\u015bmiechem, przemierza\u0107 nasz\u0105 \"rzeczk\u0119\", czuj\u0105c przyjemny op\u00f3r rw\u0105cej wody; du\u017co wygodniejsze by\u0142o te\u017c zapuszczanie si\u0119 w woderach w najwi\u0119ksze nawet chaszcze na brzegu.<\/p><br \/>\n<p style=\"text-align: justify;\">W tym samym czasie, nasza druga dzielna ekipa realizowa\u0142a zlecenie parku narodowego, b\u0119d\u0105ce inwentaryzacj\u0105 Jaskini Magurskiej w Dolinie Jaworzynki, kt\u00f3ra jest jedn\u0105 z cenniejszych ze wzgl\u0119du na dokonane tam odkrycia archeologiczne. Zaj\u0119\u0142a si\u0119 ni\u0105 Dru\u017cyna Skanera w sk\u0142adzie: Ma\u0142gorzata Ficek, Kamil Kaczorowski, Ewa Kosowicz, Karolina Mamczarz i Witold Niewiem, pod merytoryczn\u0105 opiek\u0105 dra in\u017c. Paw\u0142a \u0106wi\u0105ka\u0142y. I cho\u0107 nie spotkali\u015bmy w jej mrokach \u017cadnego Balroga, to czeka\u0142y tam niespodzianki zupe\u0142nie innej natury. Przedsi\u0119wzi\u0119cie by\u0142o nie lada wyzwaniem. D\u0142ugie, kr\u0119te chodniki i bezkszta\u0142tne komory zmusza\u0142y nas niekiedy do wskakiwania na inny poziom, stawia\u0142y w obliczu pytania: \"Czy przez ten zacisk przeprowadzimy ci\u0105g poligonowy?\". Codzienne w\u0119dr\u00f3wki po\u0142\u0105czone z wynoszeniem lub znoszeniem ci\u0119\u017ckiego sprz\u0119tu na stromych, \u015bliskich podej\u015bciach - czy to w deszcz, czy w s\u0142o\u0144ce; dwie noce sp\u0119dzone w jaskini, w kt\u00f3rej utrzymywa\u0142a si\u0119 sta\u0142a temperatura oko\u0142o +4\u00b0C zdecydowanie zaprawi\u0142y nas do pracy w prawdziwie ekstremalnych warunkach.<\/p><br \/>\n<p style=\"text-align: justify;\">Ca\u0142y pomiar dowi\u0105zali\u015bmy do pa\u0144stwowego uk\u0142adu odniesienia poprzez wykonanie wci\u0119cia na stanowisko u wej\u015bcia do jaskini z dw\u00f3ch punkt\u00f3w pomierzonych metod\u0105 statyczn\u0105 GNSS dwoma odbiornikami Leica GPS1200. Tak nawi\u0105zali\u015bmy przechodz\u0105cy przez jaskini\u0119 d\u0142ugi ci\u0105g wisz\u0105cy z bagnetami, zawieraj\u0105cy \u0142\u0105cznie 25 stanowisk tachimetrycznych, z kt\u00f3rych mierzono sprz\u0119tem Topcon OS-103 oraz Leica TCR-303. Sukcesywnie przesuwaj\u0105c si\u0119 wraz z ci\u0105giem, rejestrowali\u015bmy skany sprz\u0119tem Faro Focus3D S120, sposobem nieco odmiennym ni\u017c ten, kt\u00f3ry zastosowano zesz\u0142ego roku w Jaskini Mylnej. Tym razem stanowiska tachimetru nie by\u0142y \u015bci\u015ble zwi\u0105zane ze stanowiskami skanera, a pe\u0142ni\u0142y g\u0142\u00f3wnie funkcj\u0119 pozycji szachownicowych tarcz skaningowych. Opr\u00f3cz tarcz mocowanych na \u015bcianach, stropie i sp\u0105gu wykorzystali\u015bmy tak\u017ce sfery skaningowe.<\/p><br \/>\n<p style=\"text-align: justify;\">By\u0142o niew\u0105tpliwie ci\u0119\u017cko, ale dla Dru\u017cyny Skanera nie ma nic niemo\u017cliwego, wi\u0119c ka\u017cdy dzie\u0144, czy noc z pomiarem sp\u0119dzali\u015bmy w wybornym humorze i dos\u0142ownie \u015bpiewaj\u0105co, bo \u201eMamy t\u0119 moc!\u201d.<\/p><br \/>\n<p style=\"text-align: justify;\">Jak to na ostatnich tatrza\u0144skich obozach bywa\u0142o, pogoda zacz\u0119\u0142a si\u0119 robi\u0107 wtedy akurat, kiedy my zacz\u0119li\u015bmy si\u0119 zbiera\u0107... Dlatego te\u017c sobotnie pomiary Ekipy Potokowej przy Bramie Ko\u015bcieliskiej sz\u0142y wyj\u0105tkowo sprawnie, a blask S\u0142o\u0144ca - tak rzadko spotykany w ci\u0105gu poprzednich kilku dni - dostarcza\u0142 nam komfortu termicznego i, jak\u017ce wa\u017cnych w Tatrach, dozna\u0144 estetycznych. Na zako\u0144czenie obozu wraz z Jaskiniowcami ruszyli\u015bmy na tradycyjny spacer zamykaj\u0105cy ob\u00f3z. Zaszli\u015bmy a\u017c... do schroniska na Hali Ornak. Promienie s\u0142oneczne, szarlotka i z\u0142ocisty nap\u00f3j rozleniwi\u0142y nas do tego stopnia, \u017ce sta\u0107 nas by\u0142o tylko na pogaw\u0119dk\u0119 i powr\u00f3t do schroniska\u00a0na Krzept\u00f3wkach. Mo\u017cliwe, \u017ce powodem by\u0142o jeszcze skrajne zm\u0119czenie, ale magia oboz\u00f3w tatrza\u0144skich ma to do siebie, \u017ce takich rzeczy ju\u017c si\u0119 p\u00f3\u017aniej po prostu nie pami\u0119ta!<\/p><br \/>\n<p style=\"text-align: justify;\">Ob\u00f3z zosta\u0142 zrealizowany w dniach 6-13 wrze\u015bnia 2015 roku przez Ko\u0142o Naukowe Geodet\u00f3w Dahlta, dzi\u0119ki uprzejmo\u015bci Tatrza\u0144skiego Parku Narodowego, Wydzia\u0142u Geodezji G\u00f3rniczej i In\u017cynierii \u015arodowiska, Fundacji dla AGH oraz Stowarzyszenia Naukowego im. Stanis\u0142awa Staszica.<\/p><br \/>\n<p style=\"text-align: right;\">Karolina Mamczarz<br \/>\nEwa Trzebuniak<\/p><\/div><\/div><!-- .module_cont --><\/div><div class='gt3_row-fluid'><div style='padding-bottom:40px;' class='gt3_col12  module_number_2 module_cont  module_promo_text'><div class='bg_title'><h4 style='' class='headInModule'>Galeria<\/h4><\/div>\n\t\t\t<div class=\"shortcode_promoblock  no_additional_text \">\n\t\t\t\t<div class=\"promoblock_wrapper\">\n\t\t\t\t\t<div class=\"promo_text_block\">\n\t\t\t\t\t\t<div class=\"promo_text_block_wrapper\">\n\t\t\t\t\t\t\t<h4 >Zobacz pe\u0142n\u0105 galeri\u0119<\/h4>\n\t\t\t\t\t\t\t<h6 ><\/h6>\n\t\t\t\t\t\t<\/div>\n\t\t\t\t\t<\/div>\n\t\t\t\t\t\t<div class=\"promo_button_block\"><a href=\"http:\/\/www.kng.agh.edu.pl\/kng\/?p=2963\" class=\"\">KLIK<\/a><\/div>\n\t\t\t\t<\/div>\n\t\t\t<\/div>\n            <div class=\"clear\"><\/div>\n\t\t\t<\/div><!-- .module_cont --><\/div>","protected":false},"excerpt":{"rendered":"<p>Ob\u00f3z Naukowy Tatry 2015: dwie dru\u017cyny, dwie doliny, jeden cel \u2013 pomierzy\u0107 Tatry! W roku 2013, w czasie \u015bwi\u0105t Bo\u017cego Narodzenia, wiatr halny o porywach dochodz\u0105cych do 200 km\/h spustoszy\u0142 tatrza\u0144skie lasy, z czego najbardziej ucierpia\u0142y doliny: Chocho\u0142owska, Lejowa i Ko\u015bcieliska. Po\u0142amanych zosta\u0142o tysi\u0105ce drzew, kt\u00f3re do tej pory by\u0142y nieod\u0142\u0105cznym elementem tamtejszego krajobrazu. Tatrza\u0144ski Park Narodowy, zaniepokojony skal\u0105 zniszcze\u0144, podj\u0105\u0142 decyzj\u0119 o interwencji. Wiele zwalonych drzew zosta\u0142o usuni\u0119tych, nie tylko ze szlak\u00f3w pieszych. W Dolinie Ko\u015bcieliskiej drzewa zwo\u017cone by\u0142y korytem Potoku Ko\u015bcieliskiego, co wp\u0142yn\u0119\u0142o na deformacj\u0119 jego naturalnego dna. [shashin type=&#8221;photo&#8221; id=&#8221;3101,3127&#8243; size=&#8221;medium&#8221; columns=&#8221;2&#8243; order=&#8221;user&#8221; position=&#8221;center&#8221;] Podj\u0119li\u015bmy si\u0119 wykonania inwentaryzacji dna Potoku Ko\u015bcieliskiego, aby TPN m\u00f3g\u0142 oceni\u0107 skal\u0119 zaistnia\u0142ych zmian, a tak\u017ce rozpocz\u0105\u0107 monitoring koryta na przestrzeni przysz\u0142ych lat. Otrzymali\u015bmy wytyczne dotycz\u0105ce lokalizacji pi\u0119ciu przekroj\u00f3w &#8211; zazwyczaj by\u0142y to miejsca oznaczone \u0142atami wodowskazowymi. W pomiar zaanga\u017cowa\u0142a si\u0119 ekipa zwana &#8222;potocznie&#8221; Potokami, czyli Hubert Dec, Agnieszka Grabowska, Artur Guzy, \u0141ukasz Motyl, Aleksandra S\u0142odowska, Mateusz Sowa, Dominik Sowi\u0144ski i Ewa Trzebuniak pod czujnym okiem dr in\u017c. Rafa\u0142a Kocierza. W ka\u017cdym z wyznaczonych miejsc za\u0142o\u017cyli\u015bmy po dwa lub trzy stanowiska tachimetryczne, kt\u00f3re dowi\u0105zali\u015bmy sytuacyjnie do podw\u00f3jnych punkt\u00f3w mierzonych metod\u0105 statyczn\u0105 odbiornikami Leica GPS1200 i wysoko\u015bciowo do sta\u0142ych szczeg\u00f3\u0142\u00f3w terenowych w otoczeniu. Nast\u0119pnie, [&hellip;]<\/p>\n","protected":false},"author":21,"featured_media":0,"parent":0,"menu_order":0,"comment_status":"closed","ping_status":"closed","template":"","meta":{"footnotes":"","_links_to":"","_links_to_target":""},"categories":[4,8],"tags":[],"class_list":{"0":"post-2942","1":"page","2":"type-page","3":"status-publish","5":"category-aktualnosci","6":"category-obozy","7":"czr-hentry"},"_links":{"self":[{"href":"https:\/\/www.kng.agh.edu.pl\/kng\/wp-json\/wp\/v2\/pages\/2942","targetHints":{"allow":["GET"]}}],"collection":[{"href":"https:\/\/www.kng.agh.edu.pl\/kng\/wp-json\/wp\/v2\/pages"}],"about":[{"href":"https:\/\/www.kng.agh.edu.pl\/kng\/wp-json\/wp\/v2\/types\/page"}],"author":[{"embeddable":true,"href":"https:\/\/www.kng.agh.edu.pl\/kng\/wp-json\/wp\/v2\/users\/21"}],"replies":[{"embeddable":true,"href":"https:\/\/www.kng.agh.edu.pl\/kng\/wp-json\/wp\/v2\/comments?post=2942"}],"version-history":[{"count":7,"href":"https:\/\/www.kng.agh.edu.pl\/kng\/wp-json\/wp\/v2\/pages\/2942\/revisions"}],"predecessor-version":[{"id":2965,"href":"https:\/\/www.kng.agh.edu.pl\/kng\/wp-json\/wp\/v2\/pages\/2942\/revisions\/2965"}],"wp:attachment":[{"href":"https:\/\/www.kng.agh.edu.pl\/kng\/wp-json\/wp\/v2\/media?parent=2942"}],"wp:term":[{"taxonomy":"category","embeddable":true,"href":"https:\/\/www.kng.agh.edu.pl\/kng\/wp-json\/wp\/v2\/categories?post=2942"},{"taxonomy":"post_tag","embeddable":true,"href":"https:\/\/www.kng.agh.edu.pl\/kng\/wp-json\/wp\/v2\/tags?post=2942"}],"curies":[{"name":"wp","href":"https:\/\/api.w.org\/{rel}","templated":true}]}}

<div class='gt3_row-fluid'><div style='padding-bottom:40px;' class='gt3_col12 first-module module_number_1 module_cont  module_content'><div class='module_content'><h3 style="text-align: justify;"><strong>Obóz Naukowy Tatry 2015: dwie drużyny, dwie doliny, jeden cel – pomierzyć Tatry!</strong></h3><br />
<p style="text-align: justify;">W roku 2013, w czasie świąt Bożego Narodzenia, wiatr halny o porywach dochodzących do 200 km/h spustoszył tatrzańskie lasy, z czego najbardziej ucierpiały doliny: Chochołowska, Lejowa i Kościeliska. Połamanych zostało tysiące drzew, które do tej pory były nieodłącznym elementem tamtejszego krajobrazu. Tatrzański Park Narodowy, zaniepokojony skalą zniszczeń, podjął decyzję o interwencji. Wiele zwalonych drzew zostało usuniętych, nie tylko ze szlaków pieszych. W Dolinie Kościeliskiej drzewa zwożone były korytem Potoku Kościeliskiego, co wpłynęło na deformację jego naturalnego dna.</p><br />
<p style="text-align: justify;">[shashin type="photo" id="3101,3127" size="medium" columns="2" order="user" position="center"]</p><br />
<p style="text-align: justify;">Podjęliśmy się wykonania inwentaryzacji dna Potoku Kościeliskiego, aby TPN mógł ocenić skalę zaistniałych zmian, a także rozpocząć monitoring koryta na przestrzeni przyszłych lat. Otrzymaliśmy wytyczne dotyczące lokalizacji pięciu przekrojów - zazwyczaj były to miejsca oznaczone łatami wodowskazowymi. W pomiar zaangażowała się ekipa zwana "potocznie" Potokami, czyli Hubert Dec, Agnieszka Grabowska, Artur Guzy, Łukasz Motyl, Aleksandra Słodowska, Mateusz Sowa, Dominik Sowiński i Ewa Trzebuniak pod czujnym okiem dr inż. Rafała Kocierza.</p><br />
<p style="text-align: justify;">W każdym z wyznaczonych miejsc założyliśmy po dwa lub trzy stanowiska tachimetryczne, które dowiązaliśmy sytuacyjnie do podwójnych punktów mierzonych metodą statyczną odbiornikami Leica GPS1200 i wysokościowo do stałych szczegółów terenowych w otoczeniu. Następnie, ze stanowisk tych prowadziliśmy pomiary koryta potoku metodą tachimetryczną przy użyciu tachimetrów Topcon OS-103. Pomiarem objęliśmy obszar wyznaczony przez przekrój podstawowy i pasy o szerokości około 30 metrów odłożone od niego w górę i w dół biegu potoku.</p><br />
<p style="text-align: justify;">Na obóz przyjechaliśmy uzbrojeni w kalosze w najlepszym wypadku sięgające kolan. Konieczne było jednak zakupienie dwóch par woderów, bo - co mogą potwierdzić niektórzy z nas - choć wielogodzinne stanie z lustrem w lodowatym Potoku Kościeliskim samo w sobie nie przypomina leżenia pod kocykiem, to wlewka wody z tegoż Potoku do nawet odrobinę za niskiego buta na pewno komfortu nie poprawia. Zakup ten okazał się strzałem w dziesiątkę - mogliśmy bez obawy, a nawet z szerokim uśmiechem, przemierzać naszą "rzeczkę", czując przyjemny opór rwącej wody; dużo wygodniejsze było też zapuszczanie się w woderach w największe nawet chaszcze na brzegu.</p><br />
<p style="text-align: justify;">W tym samym czasie, nasza druga dzielna ekipa realizowała zlecenie parku narodowego, będące inwentaryzacją Jaskini Magurskiej w Dolinie Jaworzynki, która jest jedną z cenniejszych ze względu na dokonane tam odkrycia archeologiczne. Zajęła się nią Drużyna Skanera w składzie: Małgorzata Ficek, Kamil Kaczorowski, Ewa Kosowicz, Karolina Mamczarz i Witold Niewiem, pod merytoryczną opieką dra inż. Pawła Ćwiąkały. I choć nie spotkaliśmy w jej mrokach żadnego Balroga, to czekały tam niespodzianki zupełnie innej natury. Przedsięwzięcie było nie lada wyzwaniem. Długie, kręte chodniki i bezkształtne komory zmuszały nas niekiedy do wskakiwania na inny poziom, stawiały w obliczu pytania: "Czy przez ten zacisk przeprowadzimy ciąg poligonowy?". Codzienne wędrówki połączone z wynoszeniem lub znoszeniem ciężkiego sprzętu na stromych, śliskich podejściach - czy to w deszcz, czy w słońce; dwie noce spędzone w jaskini, w której utrzymywała się stała temperatura około +4°C zdecydowanie zaprawiły nas do pracy w prawdziwie ekstremalnych warunkach.</p><br />
<p style="text-align: justify;">Cały pomiar dowiązaliśmy do państwowego układu odniesienia poprzez wykonanie wcięcia na stanowisko u wejścia do jaskini z dwóch punktów pomierzonych metodą statyczną GNSS dwoma odbiornikami Leica GPS1200. Tak nawiązaliśmy przechodzący przez jaskinię długi ciąg wiszący z bagnetami, zawierający łącznie 25 stanowisk tachimetrycznych, z których mierzono sprzętem Topcon OS-103 oraz Leica TCR-303. Sukcesywnie przesuwając się wraz z ciągiem, rejestrowaliśmy skany sprzętem Faro Focus3D S120, sposobem nieco odmiennym niż ten, który zastosowano zeszłego roku w Jaskini Mylnej. Tym razem stanowiska tachimetru nie były ściśle związane ze stanowiskami skanera, a pełniły głównie funkcję pozycji szachownicowych tarcz skaningowych. Oprócz tarcz mocowanych na ścianach, stropie i spągu wykorzystaliśmy także sfery skaningowe.</p><br />
<p style="text-align: justify;">Było niewątpliwie ciężko, ale dla Drużyny Skanera nie ma nic niemożliwego, więc każdy dzień, czy noc z pomiarem spędzaliśmy w wybornym humorze i dosłownie śpiewająco, bo „Mamy tę moc!”.</p><br />
<p style="text-align: justify;">Jak to na ostatnich tatrzańskich obozach bywało, pogoda zaczęła się robić wtedy akurat, kiedy my zaczęliśmy się zbierać... Dlatego też sobotnie pomiary Ekipy Potokowej przy Bramie Kościeliskiej szły wyjątkowo sprawnie, a blask Słońca - tak rzadko spotykany w ciągu poprzednich kilku dni - dostarczał nam komfortu termicznego i, jakże ważnych w Tatrach, doznań estetycznych. Na zakończenie obozu wraz z Jaskiniowcami ruszyliśmy na tradycyjny spacer zamykający obóz. Zaszliśmy aż... do schroniska na Hali Ornak. Promienie słoneczne, szarlotka i złocisty napój rozleniwiły nas do tego stopnia, że stać nas było tylko na pogawędkę i powrót do schroniska na Krzeptówkach. Możliwe, że powodem było jeszcze skrajne zmęczenie, ale magia obozów tatrzańskich ma to do siebie, że takich rzeczy już się później po prostu nie pamięta!</p><br />
<p style="text-align: justify;">Obóz został zrealizowany w dniach 6-13 września 2015 roku przez Koło Naukowe Geodetów Dahlta, dzięki uprzejmości Tatrzańskiego Parku Narodowego, Wydziału Geodezji Górniczej i Inżynierii Środowiska, Fundacji dla AGH oraz Stowarzyszenia Naukowego im. Stanisława Staszica.</p><br />
<p style="text-align: right;">Karolina Mamczarz<br />
Ewa Trzebuniak</p></div></div><!-- .module_cont --></div><div class='gt3_row-fluid'><div style='padding-bottom:40px;' class='gt3_col12  module_number_2 module_cont  module_promo_text'><div class='bg_title'><h4 style='' class='headInModule'>Galeria</h4></div>
			<div class="shortcode_promoblock  no_additional_text ">
				<div class="promoblock_wrapper">
					<div class="promo_text_block">
						<div class="promo_text_block_wrapper">
							<h4 >Zobacz pełną galerię</h4>
							<h6 ></h6>
						</div>
					</div>
						<div class="promo_button_block"><a href="http://www.kng.agh.edu.pl/kng/?p=2963" class="">KLIK</a></div>
				</div>
			</div>
            <div class="clear"></div>
			</div><!-- .module_cont --></div>

<p>Obóz Naukowy Tatry 2015: dwie drużyny, dwie doliny, jeden cel – pomierzyć Tatry! W roku 2013, w czasie świąt Bożego Narodzenia, wiatr halny o porywach dochodzących do 200 km/h spustoszył tatrzańskie lasy, z czego najbardziej ucierpiały doliny: Chochołowska, Lejowa i Kościeliska. Połamanych zostało tysiące drzew, które do tej pory były nieodłącznym elementem tamtejszego krajobrazu. Tatrzański Park Narodowy, zaniepokojony skalą zniszczeń, podjął decyzję o interwencji. Wiele zwalonych drzew zostało usuniętych, nie tylko ze szlaków pieszych. W Dolinie Kościeliskiej drzewa zwożone były korytem Potoku Kościeliskiego, co wpłynęło na deformację jego naturalnego dna. [shashin type=&#8221;photo&#8221; id=&#8221;3101,3127&#8243; size=&#8221;medium&#8221; columns=&#8221;2&#8243; order=&#8221;user&#8221; position=&#8221;center&#8221;] Podjęliśmy się wykonania inwentaryzacji dna Potoku Kościeliskiego, aby TPN mógł ocenić skalę zaistniałych zmian, a także rozpocząć monitoring koryta na przestrzeni przyszłych lat. Otrzymaliśmy wytyczne dotyczące lokalizacji pięciu przekrojów &#8211; zazwyczaj były to miejsca oznaczone łatami wodowskazowymi. W pomiar zaangażowała się ekipa zwana &#8222;potocznie&#8221; Potokami, czyli Hubert Dec, Agnieszka Grabowska, Artur Guzy, Łukasz Motyl, Aleksandra Słodowska, Mateusz Sowa, Dominik Sowiński i Ewa Trzebuniak pod czujnym okiem dr inż. Rafała Kocierza. W każdym z wyznaczonych miejsc założyliśmy po dwa lub trzy stanowiska tachimetryczne, które dowiązaliśmy sytuacyjnie do podwójnych punktów mierzonych metodą statyczną odbiornikami Leica GPS1200 i wysokościowo do stałych szczegółów terenowych w otoczeniu. Następnie, [&hellip;]</p>
