{"id":3234,"date":"2016-04-17T11:14:10","date_gmt":"2016-04-17T09:14:10","guid":{"rendered":"http:\/\/www.kng.agh.edu.pl\/kng\/?page_id=3234"},"modified":"2016-10-07T17:06:23","modified_gmt":"2016-10-07T15:06:23","slug":"agh-racing","status":"publish","type":"page","link":"https:\/\/www.kng.agh.edu.pl\/kng\/agh-racing\/","title":{"rendered":"AGH Racing"},"content":{"rendered":"<div class='gt3_row-fluid'><div style='padding-bottom:40px;' class='gt3_col12 first-module module_number_1 module_cont  module_text_area'><div class='bg_title'><h2 style='color:#2f910b;' class='headInModule'>Szczeg\u00f3\u0142y:<\/h2><\/div>\n                <div class='module_content'>\n                    <h4><span style=\"color: #2f910b;\">Temat<\/span><span style=\"color: #808080;\">:&nbsp;Wykonanie modelu 3D fotela samochodowego<\/span><\/h4>\r\n<h4><span style=\"color: #2f910b;\">Miejsce<span style=\"color: #808080;\">: Akademia G&oacute;rniczo-Hutnicza im. Stanis\u0142awa Staszica w Krakowie, woj. ma\u0142opolskie<\/span><\/span><\/h4>\r\n<h4><span style=\"color: #2f910b;\">Kiedy<\/span><span style=\"color: #808080;\">: 2015 &ndash; 2016<\/span><\/h4>\n                <\/div><\/div><!-- .module_cont --><\/div><div class='gt3_row-fluid'><div style='padding-bottom:40px;' class='gt3_col12  module_number_2 module_cont  module_content'><div class='bg_title'><h2 style='color:#2f910b;' class='headInModule'>Opis:<\/h2><\/div><div class='module_content'><p style=\"text-align: justify;\">W nowym roku akademickim KNG zwr\u00f3ci\u0142o uwag\u0119 na poszerzenie wsp\u00f3\u0142pracy mi\u0119dzy ko\u0142ami naukowymi na terenie AGH. Maj\u0105c ten cel na uwadze, Anna Poproch oraz Iga P\u0119pek zaproponowa\u0142y stworzenie projektu razem z AGH Racing. Projekt mia\u0142 na celu stworzenie modelu 3D cz\u0119\u015bci bolidu, kt\u00f3ry zgodnie z ide\u0105 in\u017cynierii wstecznej ukazywa\u0142 odchy\u0142ki element\u00f3w projektowanych od wykonanych. Po konsultacjach z team leaderem AGH Racing - Piotrem Zawodnym - jako obiekt pomiaru wybrano fotel samochodowy.<\/p><br \/>\n<p style=\"text-align: justify;\">Prace zacz\u0119to od wykonania pomiaru w grudniu 2015 r. przy pomocy skanera Leica ScanStation C-10 oraz tachimetru Leica Nova MS-50. Co wi\u0119cej, wykonano ok. 300 zdj\u0119\u0107, z kt\u00f3rych cz\u0119\u015b\u0107 pos\u0142u\u017cy\u0142a do opracowania modelu poprzez matching. W pomiar zaanga\u017cowa\u0142o si\u0119 wielu cz\u0142onk\u00f3w ko\u0142a, nast\u0119pnie zacz\u0119to opracowanie wynik\u00f3w. Na podstawie pomierzonych tarcz HDS oraz szachownic naklejonych na obiekt po\u0142\u0105czono otrzymane chmury punkt\u00f3w, otrzymuj\u0105c maksymalny b\u0142\u0105d wpasowania +-7 mm. Nast\u0119pnie chmury wyczyszczono oraz podzielono na dwie powierzchnie reprezentuj\u0105ce p\u0142aszczyzn\u0119 wewn\u0119trzn\u0105 i zewn\u0119trzn\u0105 fotela. S\u0142u\u017cy\u0142o to opracowaniu poprawnej siatki mesh, kt\u00f3ra przy jednolitej chmurze o grubo\u015bci 1cm tworzy\u0142a zbit\u0105 mas\u0119 zamiast obiektu bry\u0142owego. Po utworzeniu na obu chmurach siatki, po\u0142\u0105czono je otrzymuj\u0105c pe\u0142ny model 3D. Opracowanie komputerowe przeprowadzono w programach Leica Cyclone, Geomagic Studio oraz produktach CAD: Autodesk Memento oraz Autodesk Fusion 360.<\/p><br \/>\n<p style=\"text-align: justify;\">Prace pozwoli\u0142y na por\u00f3wnanie modelu wej\u015bciowego z danych projektowych, modelu 3D uzyskanego ze skanowania oraz modelu powsta\u0142ego z matchingu. Dane pos\u0142u\u017c\u0105 r\u00f3wnie\u017c do napisania pracy in\u017cynierskiej pomys\u0142odawczy\u0144 projektu pod opiek\u0105 dr. in\u017c. Rafa\u0142a Kocierza.<\/p><\/div><\/div><!-- .module_cont --><\/div><div class='gt3_row-fluid'><div style='padding-bottom:40px;' class='gt3_col3  module_number_3 module_cont  module_team'><div class='bg_title'><a href='javascript:void(0)' class='btn_carousel_left'><\/a><h4 style='color:#2f910b;' class='headInModule'>Prowadz\u0105cy projekt:<\/h4><a href='javascript:void(0)' class='btn_carousel_right'><\/a><\/div>\r\n        <div class=\"team_slider\">\r\n            <div class=\"carouselslider teamslider items1\" data-count=\"1\">\r\n            \t<div class=\"team_list\">\r\n\t\t\t\t\t<div class=\"team_item\" style=\"width:100%\">\r\n\t\t\t\t\t\t<div class=\"item_wrapper\">\r\n\t\t\t\t\t\t\t<div class=\"item\">\r\n\t\t\t\t\t\t\t\t<div class=\"img_block\"><img decoding=\"async\" src=\"https:\/\/www.kng.agh.edu.pl\/kng\/wp-content\/uploads\/noname-840x622.jpg\" alt=\"Iga P\u0119pek\" \/>\r\n\t\t\t\t\t\t\t\t<\/div>\r\n\t\t\t\t\t\t\t\t<div class=\"carousel_body\">\r\n\t\t\t\t\t\t\t\t\t<div class=\"carousel_title\">Iga P\u0119pek<\/div>\r\n\t\t\t\t\t\t\t\t\t<div class=\"op\"><\/div>\r\n\t\t\t\t\t\t\t\t\t\r\n\t\t\t\t\t\t\t\t\t<div class=\"carousel_desc\">\r\n\t\t\t\t\t\t\t\t\t\t<div class=\"exc\"><\/div>\r\n                                    <\/div>\r\n\t\t\t\t\t\t\t\t\t<div class=\"smallproflinks\">\r\n\t\t\t\t\t\t\t\t\t\t<div class=\"team_icons_wrapper\">   \t\t<\/div>\r\n\t\t\t\t\t\t\t\t\t<\/div>\r\n\t\t\t\t\t\t\t\t\t\r\n\t\t\t\t\t\t\t\t<\/div>\r\n\t\t\t\t\t\t\t<\/div>\r\n\t\t\t\t\t\t<\/div>\r\n                    <\/div><!-- .team_item -->\r\n\t\t\t\t\r\n\t\t\t\t\t<div class=\"team_item\" style=\"width:100%\">\r\n\t\t\t\t\t\t<div class=\"item_wrapper\">\r\n\t\t\t\t\t\t\t<div class=\"item\">\r\n\t\t\t\t\t\t\t\t<div class=\"img_block\"><img decoding=\"async\" src=\"https:\/\/www.kng.agh.edu.pl\/kng\/wp-content\/uploads\/noname-840x622.jpg\" alt=\"Anna Poproch\" \/>\r\n\t\t\t\t\t\t\t\t<\/div>\r\n\t\t\t\t\t\t\t\t<div class=\"carousel_body\">\r\n\t\t\t\t\t\t\t\t\t<div class=\"carousel_title\">Anna Poproch<\/div>\r\n\t\t\t\t\t\t\t\t\t<div class=\"op\"><\/div>\r\n\t\t\t\t\t\t\t\t\t\r\n\t\t\t\t\t\t\t\t\t<div class=\"carousel_desc\">\r\n\t\t\t\t\t\t\t\t\t\t<div class=\"exc\"><\/div>\r\n                                    <\/div>\r\n\t\t\t\t\t\t\t\t\t<div class=\"smallproflinks\">\r\n\t\t\t\t\t\t\t\t\t\t<div class=\"team_icons_wrapper\">   \t\t<\/div>\r\n\t\t\t\t\t\t\t\t\t<\/div>\r\n\t\t\t\t\t\t\t\t\t\r\n\t\t\t\t\t\t\t\t<\/div>\r\n\t\t\t\t\t\t\t<\/div>\r\n\t\t\t\t\t\t<\/div>\r\n                    <\/div><!-- .team_item -->\r\n\t\t\t\t<\/div>\r\n             <\/div>\r\n             <div class=\"clear\"><\/div>\r\n        <\/div>  \r\n        <div class=\"clear\"><\/div><\/div><!-- .module_cont --><div style='padding-bottom:40px;' class='gt3_col3  module_number_4 module_cont  module_team'><div class='bg_title'><a href='javascript:void(0)' class='btn_carousel_left'><\/a><h4 style='color:#2f910b;' class='headInModule'>Opiekun naukowy:<\/h4><a href='javascript:void(0)' class='btn_carousel_right'><\/a><\/div>\r\n        <div class=\"team_slider\">\r\n            <div class=\"carouselslider teamslider items1\" data-count=\"1\">\r\n            \t<div class=\"team_list\">\r\n\t\t\t\t\t<div class=\"team_item\" style=\"width:100%\">\r\n\t\t\t\t\t\t<div class=\"item_wrapper\">\r\n\t\t\t\t\t\t\t<div class=\"item\">\r\n\t\t\t\t\t\t\t\t<div class=\"img_block\"><img decoding=\"async\" src=\"https:\/\/www.kng.agh.edu.pl\/kng\/wp-content\/uploads\/Kocierz-840x622.jpg\" alt=\"dr in\u017c. Rafa\u0142 Kocierz\" \/>\r\n\t\t\t\t\t\t\t\t<\/div>\r\n\t\t\t\t\t\t\t\t<div class=\"carousel_body\">\r\n\t\t\t\t\t\t\t\t\t<div class=\"carousel_title\">dr in\u017c. Rafa\u0142 Kocierz<\/div>\r\n\t\t\t\t\t\t\t\t\t<div class=\"op\"><\/div>\r\n\t\t\t\t\t\t\t\t\t\r\n\t\t\t\t\t\t\t\t\t<div class=\"carousel_desc\">\r\n\t\t\t\t\t\t\t\t\t\t<div class=\"exc\"><\/div>\r\n                                    <\/div>\r\n\t\t\t\t\t\t\t\t\t<div class=\"smallproflinks\">\r\n\t\t\t\t\t\t\t\t\t\t<div class=\"team_icons_wrapper\">   \t\t<\/div>\r\n\t\t\t\t\t\t\t\t\t<\/div>\r\n\t\t\t\t\t\t\t\t\t\r\n\t\t\t\t\t\t\t\t<\/div>\r\n\t\t\t\t\t\t\t<\/div>\r\n\t\t\t\t\t\t<\/div>\r\n                    <\/div><!-- .team_item -->\r\n\t\t\t\t<\/div>\r\n             <\/div>\r\n             <div class=\"clear\"><\/div>\r\n        <\/div>  \r\n        <div class=\"clear\"><\/div><\/div><!-- .module_cont --><div style='padding-bottom:40px;' class='gt3_col6  module_number_5 module_cont  module_google_map'><div class='bg_title'><h4 style='color:#2f910b;' class='headInModule'>Gdzie?<\/h4><\/div>\n                <div class='module_content'>\n                    <div class=''>\n                        <iframe loading=\"lazy\" src=\"https:\/\/www.google.com\/maps\/embed?pb=!1m14!1m12!1m3!1d1595.5240078016282!2d19.920343013476!3d50.06564136974316!2m3!1f0!2f0!3f0!3m2!1i1024!2i768!4f13.1!5e1!3m2!1spl!2spl!4v1460886622176\" width=\"600\" height=\"450\" frameborder=\"0\" style=\"border:0\" allowfullscreen><\/iframe>\n                    <\/div>\n                <\/div><\/div><!-- .module_cont --><\/div><div class='gt3_row-fluid'><div style='padding-bottom:40px;' class='gt3_col6  module_number_6 module_cont  module_html'><div class='bg_title'><h2 style='color:#2f910b;' class='headInModule'>Lista uczestnik\u00f3w:<\/h2><\/div>\n                <div class='module_content'>\n                    <p>\n<table id=\"tablepress-20\" class=\"tablepress tablepress-id-20\">\n<thead>\n<tr class=\"row-1\">\n\t<th class=\"column-1\">Nazwisko<\/th><th class=\"column-2\">Imi\u0119<\/th><th class=\"column-3\">Rola<\/th>\n<\/tr>\n<\/thead>\n<tbody class=\"row-striping row-hover\">\n<tr class=\"row-2\">\n\t<td class=\"column-1\">Gaduba\u0142a<\/td><td class=\"column-2\">Iga<\/td><td class=\"column-3\">Pomiar<\/td>\n<\/tr>\n<tr class=\"row-3\">\n\t<td class=\"column-1\">Garncarz<\/td><td class=\"column-2\">Angelika<\/td><td class=\"column-3\">Pomiar<\/td>\n<\/tr>\n<tr class=\"row-4\">\n\t<td class=\"column-1\">P\u0119pek<\/td><td class=\"column-2\">Iga<\/td><td class=\"column-3\">Pomiar\/Opracowanie<\/td>\n<\/tr>\n<tr class=\"row-5\">\n\t<td class=\"column-1\">Poproch<\/td><td class=\"column-2\">Anna<\/td><td class=\"column-3\">Pomiar\/Opracowanie<\/td>\n<\/tr>\n<tr class=\"row-6\">\n\t<td class=\"column-1\">Sowa<\/td><td class=\"column-2\">Mateusz<\/td><td class=\"column-3\">Pomiar<\/td>\n<\/tr>\n<tr class=\"row-7\">\n\t<td class=\"column-1\">Zaweracz<\/td><td class=\"column-2\">Konrad<\/td><td class=\"column-3\">Pomiar<\/td>\n<\/tr>\n<tr class=\"row-8\">\n\t<td class=\"column-1\">Widuch<\/td><td class=\"column-2\">Kacper<\/td><td class=\"column-3\">Pomiar<\/td>\n<\/tr>\n<\/tbody>\n<\/table>\n<!-- #tablepress-20 from cache --><\/p>\n                <\/div><\/div><!-- .module_cont --><div style='padding-bottom:40px;' class='gt3_col6  module_number_7 module_cont  module_html'><div class='bg_title'><h2 style='color:#2f910b;' class='headInModule'>Osi\u0105gni\u0119cia:<\/h2><\/div>\n                <div class='module_content'>\n                    \n                <\/div><\/div><!-- .module_cont --><\/div><div class='gt3_row-fluid'><div style='padding-bottom:40px;' class='gt3_col3  module_number_8 module_cont  module_counter'><div class='bg_title'><h2 style='color:#2f910b;' class='headInModule'>Koszt organizacji:<\/h2><\/div>\t\t\n\t\t\t<div class='module_content shortcode_counter'>\n\t\t\t\t<div class='counter_wrapper'>\n\t\t\t\t\t<div class='counter_ico_wrapper'>\n\t\t\t\t\t\t<span class='ico'><i class=icon-share-square-o><\/i><\/span>\t\t\t\t\t\t\n\t\t\t\t\t<\/div>\n\t\t\t\t\t<div class='counter_content'>\n\t\t\t\t\t\t<div class='counter_body'>\n\t\t\t\t\t\t\t<span class='counter_title'>PLN<\/span>\n\t\t\t\t\t\t\t<span class='stat_count' data-count='500'>0<\/span>\n\t\t\t\t\t\t\t<div class='stat_temp'><\/div>\n\t\t\t\t\t\t<\/div>\n\t\t\t\t\t<\/div>\n\t\t\t\t<\/div>\n\t\t\t<\/div>\n\t\t\t\n\t\t\t<script>\n\t\t\t\tjQuery(document).ready(function($) {\n\t\t\t\t\tif (jQuery(window).width() > 760) {\t\t\t\t\t\t\n\t\t\t\t\t\tjQuery('.shortcode_counter').each(function(){\t\t\t\t\t\t\t\n\t\t\t\t\t\t\tif (jQuery(this).offset().top < jQuery(window).height()) {\n\t\t\t\t\t\t\t\tif (!jQuery(this).hasClass('done')) {\n\t\t\t\t\t\t\t\t\tvar set_count = jQuery(this).find('.stat_count').attr('data-count');\n\t\t\t\t\t\t\t\t\tjQuery(this).find('.stat_temp').stop().animate({width: set_count}, {duration: 3000, step: function(now) {\n\t\t\t\t\t\t\t\t\t\t\tvar data = Math.floor(now);\n\t\t\t\t\t\t\t\t\t\t\tjQuery(this).parents('.counter_wrapper').find('.stat_count').html(data);\n\t\t\t\t\t\t\t\t\t\t}\n\t\t\t\t\t\t\t\t\t});\t\n\t\t\t\t\t\t\t\t\tjQuery(this).addClass('done');\n\t\t\t\t\t\t\t\t\tjQuery(this).find('.stat_count');\n\t\t\t\t\t\t\t\t}\t\t\t\t\t\t\t\n\t\t\t\t\t\t\t} else {\n\t\t\t\t\t\t\t\tjQuery(this).waypoint(function(){\n\t\t\t\t\t\t\t\t\tif (!jQuery(this).hasClass('done')) {\n\t\t\t\t\t\t\t\t\t\tvar set_count = jQuery(this).find('.stat_count').attr('data-count');\n\t\t\t\t\t\t\t\t\t\tjQuery(this).find('.stat_temp').stop().animate({width: set_count}, {duration: 3000, step: function(now) {\n\t\t\t\t\t\t\t\t\t\t\t\tvar data = Math.floor(now);\n\t\t\t\t\t\t\t\t\t\t\t\tjQuery(this).parents('.counter_wrapper').find('.stat_count').html(data);\n\t\t\t\t\t\t\t\t\t\t\t}\n\t\t\t\t\t\t\t\t\t\t});\t\n\t\t\t\t\t\t\t\t\t\tjQuery(this).addClass('done');\n\t\t\t\t\t\t\t\t\t\tjQuery(this).find('.stat_count');\n\t\t\t\t\t\t\t\t\t}\n\t\t\t\t\t\t\t\t},{offset: 'bottom-in-view'});\t\t\t\t\t\t\t\t\n\t\t\t\t\t\t\t}\t\t\t\t\t\t\t\t\t\t\t\t\t\t\n\t\t\t\t\t\t});\n\t\t\t\t\t} else {\n\t\t\t\t\t\tjQuery('.shortcode_counter').each(function(){\t\t\t\t\t\t\t\n\t\t\t\t\t\t\tvar set_count = jQuery(this).find('.stat_count').attr('data-count');\n\t\t\t\t\t\t\tjQuery(this).find('.stat_temp').animate({width: set_count}, {duration: 3000, step: function(now) {\n\t\t\t\t\t\t\t\t\tvar data = Math.floor(now);\n\t\t\t\t\t\t\t\t\tjQuery(this).parents('.counter_wrapper').find('.stat_count').html(data);\n\t\t\t\t\t\t\t\t}\n\t\t\t\t\t\t\t});\n\t\t\t\t\t\t\tjQuery(this).find('.stat_count');\n\t\t\t\t\t\t},{offset: 'bottom-in-view'});\t\n\t\t\t\t\t}\n\t\t\t\t});\n\t\t\t<\/script>\n\t\t\t<\/div><!-- .module_cont --><div style='padding-bottom:40px;' class='gt3_col9  module_number_9 module_cont  module_partners'><div class='bg_title'><h2 style='color:#2f910b;' class='headInModule'>Sponsorzy:<\/h2><\/div><div class=\"module_content sponsors_works\"><div class=\"parnters_list\">\r\n                <div class=\"partners_item\" style=\"width:16.666666666667%\">\r\n\t\t\t\t\t<div class=\"item_wrapper\">\r\n\t\t\t\t\t\t<div class=\"item\">\r\n\t\t\t\t\t\t\t<img loading=\"lazy\" decoding=\"async\" width=\"170\" height=\"60\" src=\"https:\/\/www.kng.agh.edu.pl\/kng\/wp-content\/uploads\/ludzie.jpg\" alt=\"Koszt pokryty przez uczestnik\u00f3w projektu\" title=\"Koszt pokryty przez uczestnik\u00f3w projektu\" \/>\r\n\t\t\t\t\t\t<\/div>\r\n\t\t\t\t\t<\/div>\r\n                <\/div>\r\n\r\n            <\/div><\/div><\/div><!-- .module_cont --><\/div>","protected":false},"excerpt":{"rendered":"","protected":false},"author":21,"featured_media":0,"parent":0,"menu_order":0,"comment_status":"closed","ping_status":"closed","template":"","meta":{"footnotes":"","_links_to":"","_links_to_target":""},"categories":[87,76],"tags":[],"class_list":{"0":"post-3234","1":"page","2":"type-page","3":"status-publish","5":"category-87","6":"category-proj","7":"czr-hentry"},"_links":{"self":[{"href":"https:\/\/www.kng.agh.edu.pl\/kng\/wp-json\/wp\/v2\/pages\/3234","targetHints":{"allow":["GET"]}}],"collection":[{"href":"https:\/\/www.kng.agh.edu.pl\/kng\/wp-json\/wp\/v2\/pages"}],"about":[{"href":"https:\/\/www.kng.agh.edu.pl\/kng\/wp-json\/wp\/v2\/types\/page"}],"author":[{"embeddable":true,"href":"https:\/\/www.kng.agh.edu.pl\/kng\/wp-json\/wp\/v2\/users\/21"}],"replies":[{"embeddable":true,"href":"https:\/\/www.kng.agh.edu.pl\/kng\/wp-json\/wp\/v2\/comments?post=3234"}],"version-history":[{"count":3,"href":"https:\/\/www.kng.agh.edu.pl\/kng\/wp-json\/wp\/v2\/pages\/3234\/revisions"}],"predecessor-version":[{"id":3292,"href":"https:\/\/www.kng.agh.edu.pl\/kng\/wp-json\/wp\/v2\/pages\/3234\/revisions\/3292"}],"wp:attachment":[{"href":"https:\/\/www.kng.agh.edu.pl\/kng\/wp-json\/wp\/v2\/media?parent=3234"}],"wp:term":[{"taxonomy":"category","embeddable":true,"href":"https:\/\/www.kng.agh.edu.pl\/kng\/wp-json\/wp\/v2\/categories?post=3234"},{"taxonomy":"post_tag","embeddable":true,"href":"https:\/\/www.kng.agh.edu.pl\/kng\/wp-json\/wp\/v2\/tags?post=3234"}],"curies":[{"name":"wp","href":"https:\/\/api.w.org\/{rel}","templated":true}]}}