{"id":3270,"date":"2016-04-17T18:35:12","date_gmt":"2016-04-17T16:35:12","guid":{"rendered":"http:\/\/www.kng.agh.edu.pl\/kng\/?page_id=3270"},"modified":"2016-04-24T21:15:45","modified_gmt":"2016-04-24T19:15:45","slug":"ortofotomapa-agh","status":"publish","type":"page","link":"https:\/\/www.kng.agh.edu.pl\/kng\/ortofotomapa-agh\/","title":{"rendered":"Ortofotomapa AGH"},"content":{"rendered":"<div class='gt3_row-fluid'><div style='padding-bottom:40px;' class='gt3_col12 first-module module_number_1 module_cont  module_text_area'><div class='bg_title'><h2 style='color:#2f910b;' class='headInModule'>Szczeg\u00f3\u0142y:<\/h2><\/div>\n                <div class='module_content'>\n                    <h4><span style=\"color: #2f910b;\">Temat<\/span><span style=\"color: #808080;\">:&nbsp;Utworzenie ortofotomapy kampusu AGH<\/span><\/h4>\r\n<h4><span style=\"color: #2f910b;\">Miejsce<\/span><span style=\"color: #808080;\">:&nbsp;Akademia G&oacute;rniczo-Hutnicza im. Stanis\u0142awa Staszica w Krakowie, woj. ma\u0142opolskie<\/span><\/h4>\r\n<h4><span style=\"color: #2f910b;\">Kiedy<\/span><span style=\"color: #808080;\">: 2016<\/span><\/h4>\n                <\/div><\/div><!-- .module_cont --><\/div><div class='gt3_row-fluid'><div style='padding-bottom:40px;' class='gt3_col12  module_number_2 module_cont  module_content'><div class='bg_title'><h2 style='color:#2f910b;' class='headInModule'>Opis:<\/h2><\/div><div class='module_content'><p style=\"text-align: justify;\">Projekt utworzenia ortofotomapy teren\u00f3w Akademii G\u00f3rniczo-Hutniczej w Krakowie powsta\u0142 z inicjatywy Kanclerza AGH mgra in\u017c. Henryka Zio\u0142o. Jego celem jest utworzenie wysokiej jako\u015bci opracowania maj\u0105cego zastosowanie w Geoportalu AGH oraz jako pomoc dydaktyczna dla student\u00f3w Wydzia\u0142u Geodezji G\u00f3rniczej i In\u017cynierii \u015arodowiska. Projekt zosta\u0142 podzielony na trzy cz\u0119\u015bci. Pierwsz\u0105 z nich by\u0142o zaprojektowanie nalotu fotogrametrycznego, drug\u0105 nalot przy u\u017cyciu Bezza\u0142ogowego Statku Lataj\u0105cego (hexacopter DJI S900\/A2) oraz pomiar oko\u0142o 50 fotopunkt\u00f3w na terenie kampusu uczelni. Ostatni\u0105 cz\u0119\u015b\u0107 stanowi opracowanie danych i utworzenie ortofotomapy.<\/p><br \/>\n<p style=\"text-align: justify;\">Prace terenowe odby\u0142y si\u0119 w dniach 9-10.04.2016 r. W trakcie nalot\u00f3w wykonano 850 zdj\u0119\u0107. Planowana wielko\u015b\u0107 piksela ortofotomapy wynosi 2 cm.<\/p><\/div><\/div><!-- .module_cont --><\/div><div class='gt3_row-fluid'><div style='padding-bottom:40px;' class='gt3_col3  module_number_3 module_cont  module_team'><div class='bg_title'><a href='javascript:void(0)' class='btn_carousel_left'><\/a><h4 style='color:#2f910b;' class='headInModule'>Prowadz\u0105cy projekt:<\/h4><a href='javascript:void(0)' class='btn_carousel_right'><\/a><\/div>\r\n        <div class=\"team_slider\">\r\n            <div class=\"carouselslider teamslider items1\" data-count=\"1\">\r\n            \t<div class=\"team_list\">\r\n\t\t\t\t\t<div class=\"team_item\" style=\"width:100%\">\r\n\t\t\t\t\t\t<div class=\"item_wrapper\">\r\n\t\t\t\t\t\t\t<div class=\"item\">\r\n\t\t\t\t\t\t\t\t<div class=\"img_block\"><img decoding=\"async\" src=\"https:\/\/www.kng.agh.edu.pl\/kng\/wp-content\/uploads\/noname-840x622.jpg\" alt=\"Witold Niewiem\" \/>\r\n\t\t\t\t\t\t\t\t<\/div>\r\n\t\t\t\t\t\t\t\t<div class=\"carousel_body\">\r\n\t\t\t\t\t\t\t\t\t<div class=\"carousel_title\">Witold Niewiem<\/div>\r\n\t\t\t\t\t\t\t\t\t<div class=\"op\"><\/div>\r\n\t\t\t\t\t\t\t\t\t\r\n\t\t\t\t\t\t\t\t\t<div class=\"carousel_desc\">\r\n\t\t\t\t\t\t\t\t\t\t<div class=\"exc\"><\/div>\r\n                                    <\/div>\r\n\t\t\t\t\t\t\t\t\t<div class=\"smallproflinks\">\r\n\t\t\t\t\t\t\t\t\t\t<div class=\"team_icons_wrapper\">   \t\t<\/div>\r\n\t\t\t\t\t\t\t\t\t<\/div>\r\n\t\t\t\t\t\t\t\t\t\r\n\t\t\t\t\t\t\t\t<\/div>\r\n\t\t\t\t\t\t\t<\/div>\r\n\t\t\t\t\t\t<\/div>\r\n                    <\/div><!-- .team_item -->\r\n\t\t\t\t\r\n\t\t\t\t\t<div class=\"team_item\" style=\"width:100%\">\r\n\t\t\t\t\t\t<div class=\"item_wrapper\">\r\n\t\t\t\t\t\t\t<div class=\"item\">\r\n\t\t\t\t\t\t\t\t<div class=\"img_block\"><img decoding=\"async\" src=\"https:\/\/www.kng.agh.edu.pl\/kng\/wp-content\/uploads\/lmotyl-840x622.jpg\" alt=\"\u0141ukasz Motyl\" \/>\r\n\t\t\t\t\t\t\t\t<\/div>\r\n\t\t\t\t\t\t\t\t<div class=\"carousel_body\">\r\n\t\t\t\t\t\t\t\t\t<div class=\"carousel_title\">\u0141ukasz Motyl<\/div>\r\n\t\t\t\t\t\t\t\t\t<div class=\"op\"><\/div>\r\n\t\t\t\t\t\t\t\t\t\r\n\t\t\t\t\t\t\t\t\t<div class=\"carousel_desc\">\r\n\t\t\t\t\t\t\t\t\t\t<div class=\"exc\"><\/div>\r\n                                    <\/div>\r\n\t\t\t\t\t\t\t\t\t<div class=\"smallproflinks\">\r\n\t\t\t\t\t\t\t\t\t\t<div class=\"team_icons_wrapper\">   \t\t<\/div>\r\n\t\t\t\t\t\t\t\t\t<\/div>\r\n\t\t\t\t\t\t\t\t\t\r\n\t\t\t\t\t\t\t\t<\/div>\r\n\t\t\t\t\t\t\t<\/div>\r\n\t\t\t\t\t\t<\/div>\r\n                    <\/div><!-- .team_item -->\r\n\t\t\t\t\r\n\t\t\t\t\t<div class=\"team_item\" style=\"width:100%\">\r\n\t\t\t\t\t\t<div class=\"item_wrapper\">\r\n\t\t\t\t\t\t\t<div class=\"item\">\r\n\t\t\t\t\t\t\t\t<div class=\"img_block\"><img decoding=\"async\" src=\"https:\/\/www.kng.agh.edu.pl\/kng\/wp-content\/uploads\/1-840x622.jpg\" alt=\"Hubert Dec\" \/>\r\n\t\t\t\t\t\t\t\t<\/div>\r\n\t\t\t\t\t\t\t\t<div class=\"carousel_body\">\r\n\t\t\t\t\t\t\t\t\t<div class=\"carousel_title\">Hubert Dec<\/div>\r\n\t\t\t\t\t\t\t\t\t<div class=\"op\"><\/div>\r\n\t\t\t\t\t\t\t\t\t\r\n\t\t\t\t\t\t\t\t\t<div class=\"carousel_desc\">\r\n\t\t\t\t\t\t\t\t\t\t<div class=\"exc\"><p style=\"text-align: justify;\">Wiceprezes<\/p><\/div>\r\n                                    <\/div>\r\n\t\t\t\t\t\t\t\t\t<div class=\"smallproflinks\">\r\n\t\t\t\t\t\t\t\t\t\t<div class=\"team_icons_wrapper\">   \t\t<\/div>\r\n\t\t\t\t\t\t\t\t\t<\/div>\r\n\t\t\t\t\t\t\t\t\t\r\n\t\t\t\t\t\t\t\t<\/div>\r\n\t\t\t\t\t\t\t<\/div>\r\n\t\t\t\t\t\t<\/div>\r\n                    <\/div><!-- .team_item -->\r\n\t\t\t\t<\/div>\r\n             <\/div>\r\n             <div class=\"clear\"><\/div>\r\n        <\/div>  \r\n        <div class=\"clear\"><\/div><\/div><!-- .module_cont --><div style='padding-bottom:40px;' class='gt3_col3  module_number_4 module_cont  module_team'><div class='bg_title'><a href='javascript:void(0)' class='btn_carousel_left'><\/a><h4 style='color:#2f910b;' class='headInModule'>Opiekunowie naukowi:<\/h4><a href='javascript:void(0)' class='btn_carousel_right'><\/a><\/div>\r\n        <div class=\"team_slider\">\r\n            <div class=\"carouselslider teamslider items1\" data-count=\"1\">\r\n            \t<div class=\"team_list\">\r\n\t\t\t\t\t<div class=\"team_item\" style=\"width:100%\">\r\n\t\t\t\t\t\t<div class=\"item_wrapper\">\r\n\t\t\t\t\t\t\t<div class=\"item\">\r\n\t\t\t\t\t\t\t\t<div class=\"img_block\"><img decoding=\"async\" src=\"https:\/\/www.kng.agh.edu.pl\/kng\/wp-content\/uploads\/Cwiakala-840x622.jpg\" alt=\"dr in\u017c. Pawe\u0142 Cwi\u0105ka\u0142a\" \/>\r\n\t\t\t\t\t\t\t\t<\/div>\r\n\t\t\t\t\t\t\t\t<div class=\"carousel_body\">\r\n\t\t\t\t\t\t\t\t\t<div class=\"carousel_title\">dr in\u017c. Pawe\u0142 Cwi\u0105ka\u0142a<\/div>\r\n\t\t\t\t\t\t\t\t\t<div class=\"op\"><\/div>\r\n\t\t\t\t\t\t\t\t\t\r\n\t\t\t\t\t\t\t\t\t<div class=\"carousel_desc\">\r\n\t\t\t\t\t\t\t\t\t\t<div class=\"exc\"><\/div>\r\n                                    <\/div>\r\n\t\t\t\t\t\t\t\t\t<div class=\"smallproflinks\">\r\n\t\t\t\t\t\t\t\t\t\t<div class=\"team_icons_wrapper\">   \t\t<\/div>\r\n\t\t\t\t\t\t\t\t\t<\/div>\r\n\t\t\t\t\t\t\t\t\t\r\n\t\t\t\t\t\t\t\t<\/div>\r\n\t\t\t\t\t\t\t<\/div>\r\n\t\t\t\t\t\t<\/div>\r\n                    <\/div><!-- .team_item -->\r\n\t\t\t\t\r\n\t\t\t\t\t<div class=\"team_item\" style=\"width:100%\">\r\n\t\t\t\t\t\t<div class=\"item_wrapper\">\r\n\t\t\t\t\t\t\t<div class=\"item\">\r\n\t\t\t\t\t\t\t\t<div class=\"img_block\"><img decoding=\"async\" src=\"https:\/\/www.kng.agh.edu.pl\/kng\/wp-content\/uploads\/noname-840x622.jpg\" alt=\"dr in\u017c. Edyta Puniach\" \/>\r\n\t\t\t\t\t\t\t\t<\/div>\r\n\t\t\t\t\t\t\t\t<div class=\"carousel_body\">\r\n\t\t\t\t\t\t\t\t\t<div class=\"carousel_title\">dr in\u017c. Edyta Puniach<\/div>\r\n\t\t\t\t\t\t\t\t\t<div class=\"op\"><\/div>\r\n\t\t\t\t\t\t\t\t\t\r\n\t\t\t\t\t\t\t\t\t<div class=\"carousel_desc\">\r\n\t\t\t\t\t\t\t\t\t\t<div class=\"exc\"><\/div>\r\n                                    <\/div>\r\n\t\t\t\t\t\t\t\t\t<div class=\"smallproflinks\">\r\n\t\t\t\t\t\t\t\t\t\t<div class=\"team_icons_wrapper\">   \t\t<\/div>\r\n\t\t\t\t\t\t\t\t\t<\/div>\r\n\t\t\t\t\t\t\t\t\t\r\n\t\t\t\t\t\t\t\t<\/div>\r\n\t\t\t\t\t\t\t<\/div>\r\n\t\t\t\t\t\t<\/div>\r\n                    <\/div><!-- .team_item -->\r\n\t\t\t\t<\/div>\r\n             <\/div>\r\n             <div class=\"clear\"><\/div>\r\n        <\/div>  \r\n        <div class=\"clear\"><\/div><\/div><!-- .module_cont --><div style='padding-bottom:40px;' class='gt3_col6  module_number_5 module_cont  module_google_map'><div class='bg_title'><h4 style='color:#2f910b;' class='headInModule'>Gdzie?<\/h4><\/div>\n                <div class='module_content'>\n                    <div class=''>\n                        <iframe loading=\"lazy\" src=\"https:\/\/www.google.com\/maps\/embed?pb=!1m14!1m12!1m3!1d1595.5240078016282!2d19.920343013476!3d50.06564136974316!2m3!1f0!2f0!3f0!3m2!1i1024!2i768!4f13.1!5e1!3m2!1spl!2spl!4v1460886622176\" width=\"600\" height=\"450\" frameborder=\"0\" style=\"border:0\" allowfullscreen><\/iframe>\n                    <\/div>\n                <\/div><\/div><!-- .module_cont --><\/div><div class='gt3_row-fluid'><div style='padding-bottom:40px;' class='gt3_col6  module_number_6 module_cont  module_html'><div class='bg_title'><h2 style='color:#2f910b;' class='headInModule'>Lista uczestnik\u00f3w:<\/h2><\/div>\n                <div class='module_content'>\n                    <p>\n<table id=\"tablepress-18\" class=\"tablepress tablepress-id-18\">\n<thead>\n<tr class=\"row-1\">\n\t<th class=\"column-1\">Nazwisko<\/th><th class=\"column-2\">Imi\u0119<\/th><th class=\"column-3\">Rola<\/th>\n<\/tr>\n<\/thead>\n<tbody class=\"row-striping row-hover\">\n<tr class=\"row-2\">\n\t<td class=\"column-1\">Dec<\/td><td class=\"column-2\">Hubert<\/td><td class=\"column-3\">Pomiar\/Opracowanie<\/td>\n<\/tr>\n<tr class=\"row-3\">\n\t<td class=\"column-1\">Motyl <\/td><td class=\"column-2\">\u0141ukasz<\/td><td class=\"column-3\">Pomiar\/Opracowanie<\/td>\n<\/tr>\n<tr class=\"row-4\">\n\t<td class=\"column-1\">Niewiem<\/td><td class=\"column-2\">Witold<\/td><td class=\"column-3\">Pomiar\/Opracowanie<\/td>\n<\/tr>\n<tr class=\"row-5\">\n\t<td class=\"column-1\">Poproch<\/td><td class=\"column-2\">Anna<\/td><td class=\"column-3\">Pomiar<\/td>\n<\/tr>\n<tr class=\"row-6\">\n\t<td class=\"column-1\">Stelmach<\/td><td class=\"column-2\">Szymon<\/td><td class=\"column-3\">Pomiar\/Opracowanie<\/td>\n<\/tr>\n<tr class=\"row-7\">\n\t<td class=\"column-1\">Widuch<\/td><td class=\"column-2\">Kacper<\/td><td class=\"column-3\">Pomiar\/Opracowanie<\/td>\n<\/tr>\n<\/tbody>\n<\/table>\n<!-- #tablepress-18 from cache --><\/p>\n                <\/div><\/div><!-- .module_cont --><div style='padding-bottom:40px;' class='gt3_col6  module_number_7 module_cont  module_html'><div class='bg_title'><h2 style='color:#2f910b;' class='headInModule'>Osi\u0105gni\u0119cia:<\/h2><\/div>\n                <div class='module_content'>\n                    \n                <\/div><\/div><!-- .module_cont --><\/div>","protected":false},"excerpt":{"rendered":"","protected":false},"author":21,"featured_media":0,"parent":0,"menu_order":0,"comment_status":"closed","ping_status":"closed","template":"","meta":{"footnotes":"","_links_to":"","_links_to_target":""},"categories":[87,76],"tags":[],"class_list":{"0":"post-3270","1":"page","2":"type-page","3":"status-publish","5":"category-87","6":"category-proj","7":"czr-hentry"},"_links":{"self":[{"href":"https:\/\/www.kng.agh.edu.pl\/kng\/wp-json\/wp\/v2\/pages\/3270","targetHints":{"allow":["GET"]}}],"collection":[{"href":"https:\/\/www.kng.agh.edu.pl\/kng\/wp-json\/wp\/v2\/pages"}],"about":[{"href":"https:\/\/www.kng.agh.edu.pl\/kng\/wp-json\/wp\/v2\/types\/page"}],"author":[{"embeddable":true,"href":"https:\/\/www.kng.agh.edu.pl\/kng\/wp-json\/wp\/v2\/users\/21"}],"replies":[{"embeddable":true,"href":"https:\/\/www.kng.agh.edu.pl\/kng\/wp-json\/wp\/v2\/comments?post=3270"}],"version-history":[{"count":3,"href":"https:\/\/www.kng.agh.edu.pl\/kng\/wp-json\/wp\/v2\/pages\/3270\/revisions"}],"predecessor-version":[{"id":3273,"href":"https:\/\/www.kng.agh.edu.pl\/kng\/wp-json\/wp\/v2\/pages\/3270\/revisions\/3273"}],"wp:attachment":[{"href":"https:\/\/www.kng.agh.edu.pl\/kng\/wp-json\/wp\/v2\/media?parent=3270"}],"wp:term":[{"taxonomy":"category","embeddable":true,"href":"https:\/\/www.kng.agh.edu.pl\/kng\/wp-json\/wp\/v2\/categories?post=3270"},{"taxonomy":"post_tag","embeddable":true,"href":"https:\/\/www.kng.agh.edu.pl\/kng\/wp-json\/wp\/v2\/tags?post=3270"}],"curies":[{"name":"wp","href":"https:\/\/api.w.org\/{rel}","templated":true}]}}